 is the tens digit of 4/(-8)*98/s?
4
Let o(j) = j**3 + j - 28. Let y be o(0). Let f be 24/y*-7*1. Let n = f + 11. What is the tens digit of n?
1
Let x be (-91)/((-10)/(-4) - 1 - 2). Let c = x + -87. What is the units digit of c?
5
Let w(o) = o**3 + 12*o**2 - 17*o - 4. Let i = -186 + 174. What is the units digit of w(i)?
0
Let g = 47 - -17. What is the tens digit of g?
6
Suppose 7*m - 2*b = 11*m - 2682, 5*b + 2647 = 4*m. What is the tens digit of m?
6
Suppose -14175 = 45*o - 60*o. What is the tens digit of o?
4
What is the tens digit of (-214)/(-4)*(-25)/((-175)/112)?
5
Suppose -3*z = -9 - 0. Suppose 13*y = 12*y + z. Suppose g - 35 = -3*l, y*g - 55 = l + 80. What is the tens digit of g?
4
Let f(j) = 4*j**2. Let y(k) = -k**3 + 22*k**2 + k - 1. Let t(l) = -4*f(l) + y(l). Suppose 6 = -3*r + 4*r. What is the units digit of t(r)?
5
Suppose 3*r - 33 = -2*f, -r = -2*f + 17 + 12. Let y = f - 12. Suppose y*g - 138 = 24. What is the units digit of g?
4
Suppose 4*s - 26 = -6. Suppose 28 = t + s. Let j = t - 5. What is the tens digit of j?
1
Suppose -3*v = -237 + 21. Suppose -12 = 5*d - v. Let z = d + 17. What is the tens digit of z?
2
Let k(f) = -f**3 + 16*f**2 - 16*f + 18. Let t be k(15). Let b(q) = 29*q - 26. What is the units digit of b(t)?
1
Let l(v) = v**2 - 6*v - 22. Let t(k) = 4*k**2 + k + 2. Let y be t(-2). Let c = 25 - y. What is the units digit of l(c)?
5
Suppose 301*i - 300*i = 310. What is the tens digit of i?
1
Let c(n) = n**2 - 3*n - 28. Let j be c(-4). Let d = j + 26. What is the units digit of d?
6
Let d(g) = -g**3 - 4*g**2 + 2*g - 11. Let c be d(-5). Let j be 2/9 - (-536)/18. Suppose j = c*f - 14. What is the tens digit of f?
1
Let y be 8/(1 - 195/198). Suppose -4*i = -3*j - y, 0*j - 663 = -5*i + 3*j. Suppose 0 = 5*d + 2*g - 122, -5*d + 4*g = -i - 11. What is the units digit of d?
6
Let f = 682 + -5. What is the tens digit of f?
7
Suppose 229 = 4*s + f, -3*f = -3*s + 24 + 129. Suppose -2*a = 4*n + 82, -a - s = -3*n + 8*n. Let p = a + 50. What is the units digit of p?
9
Suppose -6*q + 3*q - 18 = -3*l, 4*q + 4 = 0. Let r be (0/l)/(-2 + 0). Suppose 2*m = -4*z + 40, 2*z + r*z = -4*m + 20. What is the tens digit of z?
1
What is the units digit of (-1 - -1) + (-3 - 2529)*-2?
4
Let g(m) = -67*m + 287. What is the thousands digit of g(-15)?
1
Suppose -5*u - 3981 = -3*b - 1220, -2*b + 2*u + 1834 = 0. What is the hundreds digit of b?
9
What is the hundreds digit of 2/(-13) + (-380)/65 + 628?
6
Let l(r) be the second derivative of 1/12*r**4 + 7/2*r**2 + 5/6*r**3 - 3*r + 0. What is the tens digit of l(-7)?
2
What is the hundreds digit of ((-11 - -10) + -306)*-1?
3
Let w = 1889 + -1332. What is the tens digit of w?
5
Let u = 55 - 54. Let b be 2/(-8) + 1/4. Let y = u - b. What is the units digit of y?
1
Suppose -2*x + 11 = -2*a + 3*a, -5*x + 24 = -a. Let k be (4 + -2)/(-1 - a). What is the tens digit of (-6 - -92)*k/(-2)?
4
Let m be (-3)/18*2*-9. Let p(k) = 2*k + 11. What is the tens digit of p(m)?
1
Let a(r) = -47*r**2 + 8*r - 6. Let k be a(1). Let t = k - -145. What is the units digit of t?
0
Let z(d) = d**3 - 11*d**2 + 2*d - 3. Let w be z(10). Let v = 191 + w. What is the hundreds digit of v?
1
Let p = -19 - -14. Let c(z) = -z**3 - 5*z**2 - 8*z - 4. Let j be c(p). Let l = -11 + j. What is the tens digit of l?
2
Suppose 0 = 4*k - 4*d - 11336, 4*k - 11328 = -0*k - 4*d. What is the units digit of k?
3
Suppose -2*b - 5*x = -1574, 3*x + 0*x = 0. What is the units digit of b?
7
Let x(f) = 9*f**2 - 6*f + 3. Let r(c) = -6*c**2 + 4*c - 2. Let v(n) = 7*r(n) + 5*x(n). Let d be v(2). What is the units digit of d/3 + 21 + 1?
5
Let f(h) = h**3 - 3*h**2 + 9*h - 23. What is the tens digit of f(5)?
7
Suppose 0*o + 5*y = -3*o + 2705, -5*y = 4*o - 3610. What is the units digit of o?
5
Let s be (-85)/(-17)*(-6)/5. Let a be 2/4*(2 - -6). What is the units digit of (a/s)/((-10)/705)?
7
Let h(c) = 5*c**2 + 30*c + 20. What is the tens digit of h(-9)?
5
Let x(o) = -7*o + 10. Let s(g) = g**2 + 10*g + 6. Let z be s(-10). Let u(j) = -6*j + 9. Let b(i) = z*u(i) - 5*x(i). What is the units digit of b(2)?
2
Let w = 62 + -62. Suppose w = -0*l + l - 85. What is the tens digit of l?
8
Suppose 8*f + 684 = 2*u + 4*f, 2*f = -u + 350. Suppose 4*j = -5*v + u, 3*j + 0*j - 342 = -5*v. What is the tens digit of v?
6
Suppose 14*w + 55 = 601. Suppose -2*k + 381 - w = 0. What is the hundreds digit of k?
1
Let i = 32 + -24. Let v be 7*1/4*-4. Let w = i + v. What is the units digit of w?
1
Suppose 77*c = 69*c + 1936. What is the units digit of c?
2
Suppose 0 = 5*q - h - 10, 2*q + 14 - 5 = 3*h. Suppose -q*p + 131 = -241. What is the hundreds digit of p?
1
Let x(h) = 13*h - 4. Let a be x(3). Let z be (-302)/(-14) - (-15)/a. Suppose -6 - z = -2*m. What is the units digit of m?
4
Suppose 23*u - 916 = 19*u. What is the hundreds digit of u?
2
Let g(o) = -o**2 + 9*o - 14. Let n be g(7). Suppose 79 = d + 2*l, n*d + 5*d - 362 = l. What is the units digit of d?
3
What is the units digit of (-6)/9 + 4224/18 + 1?
5
Let z(r) = r - 2. Suppose 0 = 4*h + h - 40. Let v be z(h). Let q(d) = -d**3 + 10*d**2 - 14*d + 1. What is the units digit of q(v)?
1
Suppose 795 = 5*w + 5*v - 705, 1500 = 5*w - v. What is the tens digit of w?
0
Let n = 1059 - -1263. What is the tens digit of n?
2
Let m = 8 - 24. Let t = m + 24. Suppose 0*f = f - t. What is the units digit of f?
8
Let f be 4/26 + 32/(-208). What is the tens digit of (58 - f)/(1*(-2 + 3))?
5
Suppose 0 = 5*t - 16 - 19. Let a(b) = 5*b - 37. Let f(h) = 8*h - 55. Let s(n) = -7*a(n) + 5*f(n). What is the units digit of s(t)?
9
What is the tens digit of 21/(-9)*(11 - 257)?
7
Let n(k) = 4*k - 3. Let t be n(2). Suppose t*q = 10*q - 390. Suppose 3*v + 0*v - 9 = 0, 2*g - 2*v - q = 0. What is the tens digit of g?
4
Let c(h) = -539*h + 1 - 7 + 534*h + 2*h**2 - h**2. What is the units digit of c(14)?
0
Let y = 56 - 52. Suppose -y*o + 19 = -9. What is the units digit of o?
7
Let z be ((-2)/(-6))/((-10)/1110). Let u = -28 - z. What is the units digit of u?
9
Let o be (6 - (-4 + -1)) + (-2)/1. Suppose o*d + 1560 = 19*d. What is the hundreds digit of d?
1
Let i(h) = h**3 - h. Let w(a) = 2*a**3 + 8*a**2 - 10*a + 6. Let f(j) = -3*i(j) + w(j). Let m be f(7). Suppose -k = -m - 1. What is the units digit of k?
7
Suppose -1846 = -2*r + 5*b - 4*b, 5*r - 3*b = 4616. What is the tens digit of r?
2
Let j(g) be the first derivative of -5*g**2/2 - 28*g - 17. What is the tens digit of j(-11)?
2
Let m(f) = -f - 1. Let w be m(-3). What is the tens digit of 5 + -8 + (w - -48)?
4
Suppose -5*j - 5*n + 500 = 0, 5*j + 14*n - 13*n = 520. What is the tens digit of j?
0
What is the tens digit of (38/(-133))/(3/(-777))?
7
Let k(w) = w**3 + 7*w**2 + 8*w + 14. Let q be k(-7). Suppose -3*y + 18 = -0*y. What is the units digit of ((-21)/y)/(3/q)?
9
Let m(v) = -156*v - 37. What is the units digit of m(-12)?
5
Let w = -165 + 96. Let m = w - -261. What is the units digit of m?
2
Suppose 0 = -u - 4*u. Suppose 4*r + 6 = 5*x + 18, -2*r + 2*x + 8 = u. Suppose 32 = 2*j - r. What is the units digit of j?
0
Suppose 5*m + 5*u + 2694 - 8349 = 0, 0 = 5*m + 2*u - 5670. What is the units digit of m?
6
Suppose 3*a - 2759 = -v, 0*a + 4*a - 3672 = -3*v. What is the tens digit of a?
2
Let u(o) = -61*o + 28. What is the units digit of u(-4)?
2
Let b = -1318 - -1813. What is the hundreds digit of b?
4
Let d be (16 - 16)/(-1 - -3). Suppose 3*v - 5*v + 8 = d. Suppose k - 52 = -2*b, -k + v*k - b = 156. What is the units digit of k?
2
Suppose -3*s = -k - 0 + 10, 3*s = -6. Suppose k*a + 5*d = 6*a + 70, a = -d - 21. What is the tens digit of 3 + 15/(-3) - a?
2
Let s = 5607 - 1790. Let f = s - 2407. What is the tens digit of (2/(-6))/((-10)/f)?
4
Let a(v) = 342 - v**2 + 2*v**2 - 2*v**2 - 166. What is the tens digit of a(0)?
7
Let x(f) = -2*f - 3. Let n be x(0). Let r = 52 + n. What is the tens digit of r?
4
Let n be 398/(-2) + 2 + -2. Let r = -97 - n. What is the hundreds digit of r?
1
Let h(w) = -2*w**2 - 7*w - 2. Let y be h(-2). Suppose -y*b = -8*b - 124. Let l = b + 77. What is the tens digit of l?
4
Suppose 5*p = -7*o + 32588, p - 2*p = -5*o + 23268. What is the hundreds digit of o?
6
Let u(c) = c**3 - 7*c**2 + 3. Let f be u(7). What is the units digit of f/(-4 + (-814)/(-202))?
1
Suppose -5*l - 4 = -3*l. What is the tens digit